{"id":919,"date":"2025-07-14T09:24:53","date_gmt":"2025-07-14T09:24:53","guid":{"rendered":"https:\/\/ha43.it\/?page_id=919"},"modified":"2025-07-30T17:22:33","modified_gmt":"2025-07-30T15:22:33","slug":"faq-domande-frequenti","status":"publish","type":"page","link":"https:\/\/ha43.it\/?page_id=919","title":{"rendered":"FAQ &#8211; Domande Frequenti"},"content":{"rendered":"<section class=\"l-section wpb_row height_medium\"><div class=\"l-section-h i-cf\"><div class=\"g-cols vc_row via_grid cols_1 laptops-cols_inherit tablets-cols_inherit mobiles-cols_1 valign_top type_default stacking_default\"><div class=\"wpb_column vc_column_container\"><div class=\"vc_column-inner\"><h1 class=\"w-text\"><span class=\"w-text-h\"><span class=\"w-text-value\">FAQ \u2013 Domande Frequenti<\/span><\/span><\/h1><div class=\"w-tabs style_default switch_click accordion has_scrolling\" style=\"--sections-title-size:inherit\"><div class=\"w-tabs-sections titles-align_none icon_chevron cpos_right\"><div class=\"w-tabs-section\" id=\"n583\"><button class=\"w-tabs-section-header\" aria-controls=\"content-n583\" aria-expanded=\"false\"><div class=\"w-tabs-section-title\">\ud83d\udd0d COS\u2019\u00c8 ETTARO.43?<\/div><div class=\"w-tabs-section-control\"><\/div><\/button><div  class=\"w-tabs-section-content\" id=\"content-n583\"><div class=\"w-tabs-section-content-h i-cf\"><div class=\"wpb_text_column\"><div class=\"wpb_wrapper\"><p data-start=\"281\" data-end=\"613\">Ettaro.43 \u00e8 un progetto agricolo innovativo che unisce sostenibilit\u00e0, tecnologia e partecipazione attiva. \u00c8 un vero ettaro di terra situato nell\u2019Agro Romano, diviso in pixel simbolici che puoi \u201cdonare\u201d per sostenere uno dei 4 settori: <strong data-start=\"539\" data-end=\"553\">Apicoltura<\/strong>, <strong data-start=\"555\" data-end=\"569\">Vivaistica<\/strong>, <strong data-start=\"571\" data-end=\"586\">Agricoltura<\/strong> o <strong data-start=\"589\" data-end=\"612\">Corsi ed Esperienze<\/strong>.<\/p>\n<p data-start=\"615\" data-end=\"769\"><strong data-start=\"615\" data-end=\"648\">Perch\u00e9 si chiama \u201cEttaro.43\u201d?<\/strong><br data-start=\"648\" data-end=\"651\" \/>Perch\u00e9 il nostro terreno misura 1 ettaro e 43 are. Non \u00e8 solo un nome, ma la nostra radice nella terra e nella realt\u00e0.<\/p>\n<\/div><\/div><\/div><\/div><\/div><div class=\"w-tabs-section\" id=\"t6d6\"><button class=\"w-tabs-section-header\" aria-controls=\"content-t6d6\" aria-expanded=\"false\"><div class=\"w-tabs-section-title\">\ud83d\udcb0 PIXEL, DONAZIONI E CASHBACK<\/div><div class=\"w-tabs-section-control\"><\/div><\/button><div  class=\"w-tabs-section-content\" id=\"content-t6d6\"><div class=\"w-tabs-section-content-h i-cf\"><div class=\"wpb_text_column\"><div class=\"wpb_wrapper\"><p data-start=\"812\" data-end=\"940\">Ogni pixel \u00e8 un contributo simbolico a uno dei settori dell\u2019Ettaro. Puoi ricevere in cambio:<\/p>\n<ul data-start=\"941\" data-end=\"1084\">\n<li data-start=\"941\" data-end=\"988\">\n<p data-start=\"943\" data-end=\"988\">Prodotti agricoli (es. miele, piante, farina)<\/p>\n<\/li>\n<li data-start=\"989\" data-end=\"1038\">\n<p data-start=\"991\" data-end=\"1038\">Esperienze (visite, corsi nel verde, mentoring)<\/p>\n<\/li>\n<li data-start=\"1039\" data-end=\"1084\">\n<p data-start=\"1041\" data-end=\"1084\">Gadget certificati o digitale NFT del pixel<\/p>\n<\/li>\n<\/ul>\n<p data-start=\"1086\" data-end=\"1284\"><strong data-start=\"1086\" data-end=\"1116\">\u00c8 un acquisto immobiliare?<\/strong><br data-start=\"1116\" data-end=\"1119\" \/>Assolutamente no. Non si tratta di una compravendita di terreno, ma di una <strong data-start=\"1194\" data-end=\"1222\">partecipazione simbolica<\/strong> con certificazione digitale tramite <strong data-start=\"1259\" data-end=\"1283\">tecnologia Fusion.43<\/strong>.<\/p>\n<p data-start=\"1286\" data-end=\"1482\"><strong data-start=\"1286\" data-end=\"1314\">Il cashback \u00e8 garantito?<\/strong><br data-start=\"1314\" data-end=\"1317\" \/>Il cashback agricolo dipende da raccolti reali, stagionalit\u00e0 e disponibilit\u00e0. \u00c8 <strong data-start=\"1397\" data-end=\"1430\">una ricompensa non vincolante<\/strong>, pensata per coinvolgere chi partecipa al progetto.<\/p>\n<\/div><\/div><\/div><\/div><\/div><div class=\"w-tabs-section\" id=\"h818\"><button class=\"w-tabs-section-header\" aria-controls=\"content-h818\" aria-expanded=\"false\"><div class=\"w-tabs-section-title\">\ud83c\udf3b SETTORI E ATTIVIT\u00c0<\/div><div class=\"w-tabs-section-control\"><\/div><\/button><div  class=\"w-tabs-section-content\" id=\"content-h818\"><div class=\"w-tabs-section-content-h i-cf\"><div class=\"wpb_text_column\"><div class=\"wpb_wrapper\"><p data-start=\"812\" data-end=\"940\">Ogni pixel \u00e8 un contributo simbolico a uno dei settori dell\u2019Ettaro. Puoi ricevere in cambio:<\/p>\n<ul data-start=\"941\" data-end=\"1084\">\n<li data-start=\"941\" data-end=\"988\">\n<p data-start=\"943\" data-end=\"988\">Prodotti agricoli (es. miele, piante, farina)<\/p>\n<\/li>\n<li data-start=\"989\" data-end=\"1038\">\n<p data-start=\"991\" data-end=\"1038\">Esperienze (visite, corsi nel verde, mentoring)<\/p>\n<\/li>\n<li data-start=\"1039\" data-end=\"1084\">\n<p data-start=\"1041\" data-end=\"1084\">Gadget certificati o digitale NFT del pixel<\/p>\n<\/li>\n<\/ul>\n<p data-start=\"1086\" data-end=\"1284\"><strong data-start=\"1086\" data-end=\"1116\">\u00c8 un acquisto immobiliare?<\/strong><br data-start=\"1116\" data-end=\"1119\" \/>Assolutamente no. Non si tratta di una compravendita di terreno, ma di una <strong data-start=\"1194\" data-end=\"1222\">partecipazione simbolica<\/strong> con certificazione digitale tramite <strong data-start=\"1259\" data-end=\"1283\">tecnologia Fusion.43<\/strong>.<\/p>\n<p data-start=\"1286\" data-end=\"1482\"><strong data-start=\"1286\" data-end=\"1314\">Il cashback \u00e8 garantito?<\/strong><br data-start=\"1314\" data-end=\"1317\" \/>Il cashback agricolo dipende da raccolti reali, stagionalit\u00e0 e disponibilit\u00e0. \u00c8 <strong data-start=\"1397\" data-end=\"1430\">una ricompensa non vincolante<\/strong>, pensata per coinvolgere chi partecipa al progetto.<\/p>\n<\/div><\/div><\/div><\/div><\/div><div class=\"w-tabs-section\" id=\"m957\"><button class=\"w-tabs-section-header\" aria-controls=\"content-m957\" aria-expanded=\"false\"><div class=\"w-tabs-section-title\">\ud83d\udecd\ufe0f SPEDIZIONI E PRODOTTI<\/div><div class=\"w-tabs-section-control\"><\/div><\/button><div  class=\"w-tabs-section-content\" id=\"content-m957\"><div class=\"w-tabs-section-content-h i-cf\"><div class=\"wpb_text_column\"><div class=\"wpb_wrapper\"><p data-start=\"2020\" data-end=\"2083\"><strong data-start=\"2020\" data-end=\"2051\">Quando ricever\u00f2 i prodotti?<\/strong><br data-start=\"2051\" data-end=\"2054\" \/>Dipende dal tipo di prodotto:<\/p>\n<ul data-start=\"2084\" data-end=\"2240\">\n<li data-start=\"2084\" data-end=\"2126\">\n<p data-start=\"2086\" data-end=\"2126\"><strong data-start=\"2086\" data-end=\"2096\">Miele:<\/strong> spedito da luglio a settembre<\/p>\n<\/li>\n<li data-start=\"2127\" data-end=\"2189\">\n<p data-start=\"2129\" data-end=\"2189\"><strong data-start=\"2129\" data-end=\"2145\">Semi\/Piante:<\/strong> spediti nei periodi primaverili e autunnali<\/p>\n<\/li>\n<li data-start=\"2190\" data-end=\"2240\">\n<p data-start=\"2192\" data-end=\"2240\"><strong data-start=\"2192\" data-end=\"2213\">Corsi\/esperienze:<\/strong> pianificabili su richiesta<\/p>\n<\/li>\n<\/ul>\n<p data-start=\"2242\" data-end=\"2303\">Riceverai sempre una mail di conferma prima della spedizione.<\/p>\n<p data-start=\"2305\" data-end=\"2427\"><strong data-start=\"2305\" data-end=\"2335\">Posso ritirare di persona?<\/strong><br data-start=\"2335\" data-end=\"2338\" \/>S\u00ec, con piacere! \u00c8 possibile ritirare direttamente presso Ettaro.43, previo appuntamento.<\/p>\n<\/div><\/div><\/div><\/div><\/div><div class=\"w-tabs-section\" id=\"ma65\"><button class=\"w-tabs-section-header\" aria-controls=\"content-ma65\" aria-expanded=\"false\"><div class=\"w-tabs-section-title\">\ud83e\udde0 CERTIFICAZIONE DIGITALE &#038; BLOCKCHAIN<\/div><div class=\"w-tabs-section-control\"><\/div><\/button><div  class=\"w-tabs-section-content\" id=\"content-ma65\"><div class=\"w-tabs-section-content-h i-cf\"><div class=\"wpb_text_column\"><div class=\"wpb_wrapper\"><p data-start=\"2479\" data-end=\"2672\"><strong data-start=\"2479\" data-end=\"2517\">Cos\u2019\u00e8 la certificazione Fusion.43?<\/strong><br data-start=\"2517\" data-end=\"2520\" \/>Ogni pixel \u00e8 <strong data-start=\"2533\" data-end=\"2561\">certificato digitalmente<\/strong> tramite AI + Blockchain + IPFS. \u00c8 una vera e propria <strong data-start=\"2615\" data-end=\"2649\">notarizzazione decentralizzata<\/strong>, unica nel suo genere.<\/p>\n<p data-start=\"2674\" data-end=\"2872\"><strong data-start=\"2674\" data-end=\"2727\">Posso usare questa tecnologia per altri progetti?<\/strong><br data-start=\"2727\" data-end=\"2730\" \/>S\u00ec! Fusion.43 \u00e8 un metodo registrato. Se vuoi replicarlo su un altro terreno, contattaci: possiamo aiutarti a creare <strong data-start=\"2847\" data-end=\"2872\">Ettaro.42, Ettaro.41\u2026<\/strong><\/p>\n<\/div><\/div><\/div><\/div><\/div><\/div><\/div><\/div><\/div><\/div><\/div><\/section><section class=\"l-section wpb_row height_medium\"><div class=\"l-section-h i-cf\"><div class=\"g-cols vc_row via_grid cols_1 laptops-cols_inherit tablets-cols_inherit mobiles-cols_1 valign_top type_default stacking_default\"><div class=\"wpb_column vc_column_container\"><div class=\"vc_column-inner\"><div class=\"w-html\">[ettaro_carbon_footprint]<\/div><\/div><\/div><\/div><\/div><\/section>\n","protected":false},"excerpt":{"rendered":"","protected":false},"author":1,"featured_media":0,"parent":0,"menu_order":0,"comment_status":"closed","ping_status":"closed","template":"","meta":{"footnotes":""},"class_list":["post-919","page","type-page","status-publish","hentry"],"_links":{"self":[{"href":"https:\/\/ha43.it\/index.php?rest_route=\/wp\/v2\/pages\/919","targetHints":{"allow":["GET"]}}],"collection":[{"href":"https:\/\/ha43.it\/index.php?rest_route=\/wp\/v2\/pages"}],"about":[{"href":"https:\/\/ha43.it\/index.php?rest_route=\/wp\/v2\/types\/page"}],"author":[{"embeddable":true,"href":"https:\/\/ha43.it\/index.php?rest_route=\/wp\/v2\/users\/1"}],"replies":[{"embeddable":true,"href":"https:\/\/ha43.it\/index.php?rest_route=%2Fwp%2Fv2%2Fcomments&post=919"}],"version-history":[{"count":2,"href":"https:\/\/ha43.it\/index.php?rest_route=\/wp\/v2\/pages\/919\/revisions"}],"predecessor-version":[{"id":997,"href":"https:\/\/ha43.it\/index.php?rest_route=\/wp\/v2\/pages\/919\/revisions\/997"}],"wp:attachment":[{"href":"https:\/\/ha43.it\/index.php?rest_route=%2Fwp%2Fv2%2Fmedia&parent=919"}],"curies":[{"name":"wp","href":"https:\/\/api.w.org\/{rel}","templated":true}]}}